).
2
Let m(s) = 5*s - 3*s + 115 + 9*s - 2*s + 14*s. Calculate m(-5).
0
Let h = -339 - -351. Let a(k) = -48*k**2 + h*k**2 + 9*k + 1 + 37*k**2. Determine a(-10).
11
Let x(c) = c - 3*c + 5*c + 2. Let g = -25738 + 25740. Determine x(g).
8
Let k(r) = 5*r - 4. Let z = -15 - -20. Suppose -3*m - z*l + 29 = 0, -4*m = m + 2*l - 23. Give k(m).
11
Let c(y) = -4*y - 5. Let x = -127 + 130. Let k(p) = -p**2 - 4*p - 4. Let i(z) = x*k(z) - 2*c(z). Let o = 2 - 4. Determine i(o).
-6
Let z be 28/7 - 7 - (0 - 3). Suppose 55*h - 62*h + 35 = z. Let k(u) be the third derivative of u**5/60 - u**4/4 + u**3/6 - 13*u**2. Determine k(h).
-4
Let w(c) = 4*c + 3. Let k = 395 - 395. Calculate w(k).
3
Let p(z) = 3*z**2 + z + 12. Let k(t) = -2*t**2 - 8. Let b(r) = 7*k(r) + 5*p(r). Let a = -65 + 89. Let w = a - 29. Determine b(w).
4
Let c(n) = n - 22. Let m = -475 - -161. Let t = 328 + m. What is c(t)?
-8
Let z(q) = 2*q**2 + 74*q - 72. Let m be z(-38). Let t(f) = 43 + m*f**3 + 19*f**2 - 43 - 18*f**2. Suppose 0 = -4*p + 1 - 5. Determine t(p).
-3
Let m(v) be the third derivative of 5*v**4/12 + 169*v**3/6 - 13*v**2 + 4*v + 1. Determine m(-17).
-1
Let j(i) = -9*i. Let p be (-3)/7 - ((-126)/(-49) + -5). Let r be 14/(-21)*3/p. What is j(r)?
9
Let p(v) be the third derivative of -13*v**4/24 + 413*v**3/6 - 15*v**2 - 6*v. Let d be p(31). Let m(x) = x + 3. Determine m(d).
13
Let l be 92/(-8) + 2/4. Let f(k) be the third derivative of k**5/60 + k**4/3 - 7*k**3/6 - 17*k**2 - 1270*k. What is f(l)?
26
Suppose -2*y = -4*m + 38, -2 = 3*m + y - 18. Let l(u) = 107*u - 209*u + 103*u + m. Let x(o) = o**3 - 6*o**2 - o + 6. Let k be x(6). Give l(k).
7
Let l(m) = 6*m**2 + 2*m. Suppose 0 = 21*p + 18*p - 19*p + 40. Give l(p).
20
Suppose h = 2*u + 5*h + 154, 0 = 2*u + h + 145. Let p = 72 + u. Let j(b) = 0*b + b - p + 4. Give j(-8).
-5
Let u(q) be the second derivative of 47*q**3/6 + 45*q**2 - q + 383. Calculate u(-2).
-4
Let q(x) = 2*x**3 + x**2 - x + 1. Let n(m) be the first derivative of 7*m**2/2 + 215*m + 179. Let b be n(-31). Give q(b).
-9
Let l(x) = 5 - x - 2*x + x. Suppose 0 = 4*u + 4*g, -73*u + 78*u + 3*g - 8 = 0. Calculate l(u).
-3
Let f be 17180/120 + (-10)/(-12). Suppose -14 = -130*o + f*o. Let u(t) = 3*t - 1. What is u(o)?
-4
Let z(u) be the first derivative of u**6/120 + 7*u**5/60 - u**3/2 + 83*u**2/2 - 69. Let b(j) be the second derivative of z(j). Give b(-7).
-3
Suppose 55*c - 125 = 21 - 36. Let d(y) = -6*y - 4. Determine d(c).
-16
Let r be -4 + 4/(-2 + 6). Let v(s) = -1 + 6*s**2 + 9*s**2 + s**3 - 12*s**2 + 3*s**2 - 3*s**2 + s. Determine v(r).
-4
Suppose 16*x - 27*x = 11. Let q = -3 + 5. Let b(y) = -q*y**2 - 1 - 11*y**3 + 2 + 2*y**3. Determine b(x).
8
Let b be (-10)/(-45) - 712/(-36). Let x be (28/(-35))/(4/b). Let f(m) = -m**3 - 5*m**2 - 3*m + 5. What is f(x)?
1
Let h(a) = -12*a + 3. Let o(j) = -j**2 - j + 12. Let v be o(-6). Let p(f) = f**2 + 20*f + 38. Let q be p(v). Determine h(q).
-21
Let p(m) be the second derivative of -m**7/840 + m**6/360 - m**5/60 - m**4/8 - 23*m**3/6 + m**2/2 - m - 1. Let u(l) be the second derivative of p(l). Give u(3).
-27
Let k be 2/(-27) - (-336)/162. Let o be (-4 + k + (-21)/(-21))*-5. Let u(y) = y**2 + 3*y + 2. What is u(o)?
42
Let a(b) = -10*b + 33. Let k(c) = 4*c + 4. Let i(t) = 3*a(t) + 6*k(t). What is i(21)?
-3
Let u(s) = -573*s - 283. Let t be u(-9). Let z(j) = 3*j - 2*j - t + 4872 - 4*j. Determine z(-4).
10
Let v = 110 + -99. Suppose v = -5*b + 1. Let o(y) = -2*y**3 - 2*y**2 - 2*y - 1. Give o(b).
11
Let c(t) = -t**2 - 11*t + 364. Let g be c(14). Suppose 2*a = 3*a. Let s be (-12 + g)*(1 - a). Let u(r) = -r**3 - r**2 - 2*r + 2. Determine u(s).
-14
Let s(h) = 3*h**2 - 45*h - 10. Let w = -593 - -608. Determine s(w).
-10
Suppose 5*s - 3*p = p + 27, -3*s - p + 23 = 0. Suppose 190 = s*f + 155. Let o(m) = m**2 - 4*m + 4. Give o(f).
9
Suppose 0 = 5*a + 16 - 56. Let t(v) = -a - 47*v - 1 + 49*v. Let m be t(3). Let r(l) = -l**2 + 2. Give r(m).
-7
Let s = 11 + -9. Let z be ((-5)/2)/(-8 - 120/(-16)). Let v(i) = 17 + z*i + i**s - 5*i - 20. Calculate v(0).
-3
Let x(d) be the second derivative of 0 + 2*d**2 - 8*d + 1/6*d**3 - 7/24*d**4. Let g(f) be the first derivative of x(f). Determine g(-1).
8
Suppose 93*f - 88*f + 35 = 0. Let u(m) = m**2 + 4*m - 1. Determine u(f).
20
Let c(d) = 5*d**2 + 9*d + 8. Let o be c(-1). Suppose -11*h - 14 = -9*h + 4*p, 0 = 3*h - o*p - 9. Let y(t) = -2*t**2 + 2*t + 1. Give y(h).
-3
Suppose -24*r + 28*r = 4*f - 12, -20 = -5*r. Let w(l) = 4*l + 15. Calculate w(f).
43
Let f(s) be the first derivative of s**3 - 59*s**2 - 74*s + 289. Let x be f(40). Let r(w) = w**3 - 6*w**2 + 2*w - 3. Determine r(x).
9
Let n(x) = 2*x**2 - 38*x + 23. Let w be n(18). Let s be 5 + (-36)/(-6) + w. Let k(q) = -1. Let j(m) = 9*m + 4. Let v(u) = j(u) + 4*k(u). Determine v(s).
-18
Let b be 3528/(-162) - (-2)/(-9). Let f be b/(-55)*5/(-2). Let c(r) = -6*r - 1. Calculate c(f).
5
Let m be 13/(-2) + (-66)/12 + 4. Let r be -2 - (-35)/((m/12)/(-2)). Let j(i) = 8 - r*i - 3*i**3 + 99*i + 4*i**3 - 7*i**2. What is j(7)?
-20
Let d be 1*(2 - -227)*-1. Let f = 222 + d. Let x(r) = -r**3 - 7*r**2 + r - 3. Give x(f).
-10
Suppose -3*i - 53 = -68. Let p(b) = -8*b + 3*b + b**2 + 8*b - i*b. Let r be (-3 - -1)/(-1 - -2). Give p(r).
8
Let l be (-2152)/(-14) - 4 - 2/(-7). Suppose 5*x - l = -x. Let h(j) = -13 - 6 + 20 - x*j. What is h(-1)?
26
Let i(n) = -9*n**2 + 9*n - 2. Let m(o) = -19*o**2 + 21*o - 4. Let c(j) = 5*i(j) - 2*m(j). What is c(1)?
-6
Suppose -282 + 786 = 72*l. Let o(b) = -b**2 + 11*b - 25. Determine o(l).
3
Let o(i) be the first derivative of 3/2*i**2 + 5*i - 30. Determine o(-4).
-7
Suppose -22*b + 34*b - 28 = 19*b. Let o(v) = -v**2 + 8*v + 43. What is o(b)?
-5
Let g(c) = c**2 + 9*c - 7. Suppose -52 = -5*f + 188. Suppose -n - 12 = -f. Let m = -45 + n. Give g(m).
-7
Let j(o) be the first derivative of 5*o**2 + 1/3*o**3 + 9*o + 172. Suppose 2*g + 2*g + 3*y + 47 = 0, 0 = -2*g - y - 21. Give j(g).
-7
Let l be -1*2 + 1*-20. Suppose -717*m + 730*m = 52. Let h be (1 - m)*(-2 + l/(-6)). Let o(g) = g**2 + 3*g + 2. Determine o(h).
12
Let a be (3096/20)/(52/130). Suppose -3*f = 5*s + 44, -392*f = s - a*f. Let z(o) = 10*o + 29. Let y(g) = 7*g + 19. Let p(u) = -7*y(u) + 5*z(u). Determine p(s).
2
Let m(n) = -1865*n**2 - 25*n + 40*n + 20 + 1866*n**2. Determine m(-12).
-16
Suppose 109 - 361 = -12*q. Let a(x) = x**3 - 20*x**2 - 21*x - 9. Let f be a(q). Let m(u) = -u**2 - 13*u - 10. Give m(f).
26
Suppose -38 = -11*l - 269. Let v be (-7)/84*4*l. Let c(j) = -9 + 12*j - j - 2*j - j**2. Determine c(v).
5
Let q(c) = c**2 + 12*c - 16. Let h(r) be the third derivative of r**6/120 - r**5/30 - 5*r**4/24 - r**3/2 - 9*r**2 + 8*r. Let a be h(2). Give q(a).
-3
Let o(r) be the first derivative of -r**3/3 + 4*r**2 + r - 3. Let k(d) = d**2 + 54*d + 728. Let g be k(-30). Calculate o(g).
1
Suppose -51 = 3*m - 111. Let s(g) = -2*g - g**2 - 40 + 4*g + m + 22. What is s(-3)?
-13
Suppose 20 = -3*k - 2*k, 4*k + 12 = -4*h. Let t(o) = o**2 - o - 1. Let v(b) = -6*b**2 + 24. Let s(w) = h*v(w) + 5*t(w). Determine s(-8).
-5
Let p be (-8)/(-2) + (20/5)/(-1). Suppose 5*q = p, 9*u - q - 8 = 8*u. Let k(z) = z**2 - 9*z + 2. Determine k(u).
-6
Suppose 8*j - 28 - 276 = 0. Let z(k) = -32*k + 17*k**2 - 18*k**2 + j*k. Calculate z(6).
0
Suppose -3*a + 89 = s, 5*a = -5*s + 3*s + 148. Suppose l = -0*l + 2*o, l - 5*o = 0. Suppose l = -25*g + a*g + 15. Let q(d) = -d**2 + d + 4. Determine q(g).
-8
Suppose 4*n + w - 10 = 0, 4*w - 9*w = -5*n. Let m(z) = -11*z + 20*z + 5*z + n*z + 1. What is m(3)?
49
Let n(q) = q**2 + 7*q + 5. Let f = -2 + 4. Let z = 5692 - 5724. Let o be f/(-8) + 120/z. Calculate n(o).
-7
Let k(j) = j**3 + j - 2. Let o(v) = 3*v**3 - 5*v**2 + 3*v - 3. Let h(m) = 2*k(m) - o(m). Suppose -5*t + 13 = -3*c - 0*c, -3*t = 12. Let s = -6 - c. Give h(s).
-6
Let a(q) = -q**3 - 5*q**2 + 7*q. Suppose -9*t + 7 = -11. Suppose 0 = 5*l - j + 34, -l - t*j + j = 2. What is a(l)?
-6
Let n(z) = -13 - 8856*z**2 + 31*z + z**3 + 4405*z**2 + 4419*z**2. Determine n(31).
-13
Let v(p) = 10*p + 103. Let l(u) = 24*u + 217. Let c(s) = 4*l(s) - 9*v(s). What is c(10)?
1
Let f(d) be the third derivative of 0 + 1/60*d**5 + 0*d + 1/3*d**3 - 2*d**2 - 1/6*d**4. Let i = 16 - 10. What is f(i)?
14
Let t(l) be the third derivative of l**6/120 + 3*l**5/20 + l**4/6 